[INFO] cloning repository https://github.com/Davipb/chip-8
[INFO] running `Command { std: "git" "-c" "credential.helper=" "-c" "credential.helper=/workspace/cargo-home/bin/git-credential-null" "clone" "--bare" "https://github.com/Davipb/chip-8" "/workspace/cache/git-repos/https%3A%2F%2Fgithub.com%2FDavipb%2Fchip-8", kill_on_drop: false }`
[INFO] [stderr] Cloning into bare repository '/workspace/cache/git-repos/https%3A%2F%2Fgithub.com%2FDavipb%2Fchip-8'...
[INFO] running `Command { std: "git" "rev-parse" "HEAD", kill_on_drop: false }`
[INFO] [stdout] d6bdbd52678816ab7abb21782f6d14cd16e75d1e
[INFO] building Davipb/chip-8 against master#ff34b919075f35a1787659e9c448a34b06bab8de for issue-85264
[INFO] running `Command { std: "git" "clone" "/workspace/cache/git-repos/https%3A%2F%2Fgithub.com%2FDavipb%2Fchip-8" "/workspace/builds/worker-6/source", kill_on_drop: false }`
[INFO] [stderr] Cloning into '/workspace/builds/worker-6/source'...
[INFO] [stderr] done.
[INFO] validating manifest of git repo https://github.com/Davipb/chip-8 on toolchain ff34b919075f35a1787659e9c448a34b06bab8de
[INFO] running `Command { std: "/workspace/cargo-home/bin/cargo" "+ff34b919075f35a1787659e9c448a34b06bab8de" "metadata" "--manifest-path" "Cargo.toml" "--no-deps", kill_on_drop: false }`
[INFO] started tweaking git repo https://github.com/Davipb/chip-8
[INFO] finished tweaking git repo https://github.com/Davipb/chip-8
[INFO] tweaked toml for git repo https://github.com/Davipb/chip-8 written to /workspace/builds/worker-6/source/Cargo.toml
[INFO] crate git repo https://github.com/Davipb/chip-8 already has a lockfile, it will not be regenerated
[INFO] running `Command { std: "/workspace/cargo-home/bin/cargo" "+ff34b919075f35a1787659e9c448a34b06bab8de" "fetch" "--manifest-path" "Cargo.toml", kill_on_drop: false }`
[INFO] running `Command { std: "docker" "create" "-v" "/var/lib/crater-agent-workspace/builds/worker-6/target:/opt/rustwide/target:rw,Z" "-v" "/var/lib/crater-agent-workspace/builds/worker-6/source:/opt/rustwide/workdir:ro,Z" "-v" "/var/lib/crater-agent-workspace/cargo-home:/opt/rustwide/cargo-home:ro,Z" "-v" "/var/lib/crater-agent-workspace/rustup-home:/opt/rustwide/rustup-home:ro,Z" "-e" "SOURCE_DIR=/opt/rustwide/workdir" "-e" "CARGO_TARGET_DIR=/opt/rustwide/target" "-e" "CARGO_HOME=/opt/rustwide/cargo-home" "-e" "RUSTUP_HOME=/opt/rustwide/rustup-home" "-w" "/opt/rustwide/workdir" "-m" "1610612736" "--user" "0:0" "--network" "none" "ghcr.io/rust-lang/crates-build-env/linux@sha256:20528e8c29e4536546f0102ce88568b16ea7538393a33fcca951030f7af10457" "/opt/rustwide/cargo-home/bin/cargo" "+ff34b919075f35a1787659e9c448a34b06bab8de" "metadata" "--no-deps" "--format-version=1", kill_on_drop: false }`
[INFO] [stdout] 543e8c11e280b25ab19d564ba0e6b0b548de9408f12b5b1c63da9aac0fb15a51
[INFO] [stderr] WARNING: Your kernel does not support swap limit capabilities or the cgroup is not mounted. Memory limited without swap.
[INFO] running `Command { std: "docker" "start" "-a" "543e8c11e280b25ab19d564ba0e6b0b548de9408f12b5b1c63da9aac0fb15a51", kill_on_drop: false }`
[INFO] running `Command { std: "docker" "inspect" "543e8c11e280b25ab19d564ba0e6b0b548de9408f12b5b1c63da9aac0fb15a51", kill_on_drop: false }`
[INFO] running `Command { std: "docker" "rm" "-f" "543e8c11e280b25ab19d564ba0e6b0b548de9408f12b5b1c63da9aac0fb15a51", kill_on_drop: false }`
[INFO] [stdout] 543e8c11e280b25ab19d564ba0e6b0b548de9408f12b5b1c63da9aac0fb15a51
[INFO] running `Command { std: "docker" "create" "-v" "/var/lib/crater-agent-workspace/builds/worker-6/target:/opt/rustwide/target:rw,Z" "-v" "/var/lib/crater-agent-workspace/builds/worker-6/source:/opt/rustwide/workdir:ro,Z" "-v" "/var/lib/crater-agent-workspace/cargo-home:/opt/rustwide/cargo-home:ro,Z" "-v" "/var/lib/crater-agent-workspace/rustup-home:/opt/rustwide/rustup-home:ro,Z" "-e" "SOURCE_DIR=/opt/rustwide/workdir" "-e" "CARGO_TARGET_DIR=/opt/rustwide/target" "-e" "CARGO_INCREMENTAL=0" "-e" "RUST_BACKTRACE=full" "-e" "RUSTFLAGS=--cap-lints=forbid" "-e" "CARGO_HOME=/opt/rustwide/cargo-home" "-e" "RUSTUP_HOME=/opt/rustwide/rustup-home" "-w" "/opt/rustwide/workdir" "-m" "1610612736" "--user" "0:0" "--network" "none" "ghcr.io/rust-lang/crates-build-env/linux@sha256:20528e8c29e4536546f0102ce88568b16ea7538393a33fcca951030f7af10457" "/opt/rustwide/cargo-home/bin/cargo" "+ff34b919075f35a1787659e9c448a34b06bab8de" "build" "--frozen" "--message-format=json", kill_on_drop: false }`
[INFO] [stdout] 10574d6dcc05748f5539ff150348e3aa0669258c4f45671acaabfa2494fdf27e
[INFO] [stderr] WARNING: Your kernel does not support swap limit capabilities or the cgroup is not mounted. Memory limited without swap.
[INFO] running `Command { std: "docker" "start" "-a" "10574d6dcc05748f5539ff150348e3aa0669258c4f45671acaabfa2494fdf27e", kill_on_drop: false }`
[INFO] [stderr]    Compiling libc v0.2.77
[INFO] [stderr]    Compiling getrandom v0.1.15
[INFO] [stderr]    Compiling ppv-lite86 v0.2.10
[INFO] [stderr]    Compiling void v1.0.2
[INFO] [stderr]    Compiling winapi v0.3.9
[INFO] [stderr]    Compiling nix v0.17.0
[INFO] [stderr]    Compiling rand_core v0.5.1
[INFO] [stderr]    Compiling rand_chacha v0.2.2
[INFO] [stderr]    Compiling rand v0.7.3
[INFO] [stderr]    Compiling ctrlc v3.1.6
[INFO] [stderr]    Compiling chip8 v0.1.0 (/opt/rustwide/workdir)
[INFO] [stdout] error[E0412]: cannot find type `InputBuffer` in this scope
[INFO] [stdout]  --> src/input/linux.rs:8:41
[INFO] [stdout]   |
[INFO] [stdout] 8 |     pub fn tick(&mut self, buffer: &mut InputBuffer) -> VoidResultChip8 {
[INFO] [stdout]   |                                         ^^^^^^^^^^^ not found in this scope
[INFO] [stdout]   |
[INFO] [stdout] help: consider importing this struct
[INFO] [stdout]   |
[INFO] [stdout] 1 | use crate::input::InputBuffer;
[INFO] [stdout]   |
[INFO] [stdout] 
[INFO] [stdout] 
[INFO] [stdout] error[E0412]: cannot find type `VoidResultChip8` in this scope
[INFO] [stdout]  --> src/input/linux.rs:8:57
[INFO] [stdout]   |
[INFO] [stdout] 8 |     pub fn tick(&mut self, buffer: &mut InputBuffer) -> VoidResultChip8 {
[INFO] [stdout]   |                                                         ^^^^^^^^^^^^^^^ not found in this scope
[INFO] [stdout]   |
[INFO] [stdout] help: consider importing this type alias
[INFO] [stdout]   |
[INFO] [stdout] 1 | use crate::VoidResultChip8;
[INFO] [stdout]   |
[INFO] [stdout] 
[INFO] [stdout] 
[INFO] [stdout] error[E0425]: cannot find function `enable_ansi_support` in crate `ansi_term`
[INFO] [stdout]   --> src/main.rs:46:16
[INFO] [stdout]    |
[INFO] [stdout] 46 |     ansi_term::enable_ansi_support()
[INFO] [stdout]    |                ^^^^^^^^^^^^^^^^^^^ not found in `ansi_term`
[INFO] [stdout] 
[INFO] [stdout] 
[INFO] [stdout] warning: unused imports: `IndexMut`, `Index`
[INFO] [stdout]  --> src/core.rs:6:5
[INFO] [stdout]   |
[INFO] [stdout] 6 |     Index, IndexMut
[INFO] [stdout]   |     ^^^^^  ^^^^^^^^
[INFO] [stdout]   |
[INFO] [stdout]   = note: `#[warn(unused_imports)]` on by default
[INFO] [stdout] 
[INFO] [stdout] 
[INFO] [stdout] warning: unused import: `Condition`
[INFO] [stdout]  --> src/cpu.rs:5:22
[INFO] [stdout]   |
[INFO] [stdout] 5 | use crate::opcodes::{Condition, Opcode, OpcodeParam, Timer};
[INFO] [stdout]   |                      ^^^^^^^^^
[INFO] [stdout] 
[INFO] [stdout] 
[INFO] [stdout] warning: unused import: `Error`
[INFO] [stdout]  --> src/display.rs:1:19
[INFO] [stdout]   |
[INFO] [stdout] 1 | use crate::core::{Error, ResultChip8, VoidResultChip8};
[INFO] [stdout]   |                   ^^^^^
[INFO] [stdout] 
[INFO] [stdout] 
[INFO] [stdout] warning: unused import: `std::ops::Range`
[INFO] [stdout]  --> src/memory.rs:5:5
[INFO] [stdout]   |
[INFO] [stdout] 5 | use std::ops::Range;
[INFO] [stdout]   |     ^^^^^^^^^^^^^^^
[INFO] [stdout] 
[INFO] [stdout] 
[INFO] [stdout] warning: unused import: `ResultChip8`
[INFO] [stdout]   --> src/main.rs:10:35
[INFO] [stdout]    |
[INFO] [stdout] 10 | use crate::core::{Address, Error, ResultChip8, VoidResultChip8, Word};
[INFO] [stdout]    |                                   ^^^^^^^^^^^
[INFO] [stdout] 
[INFO] [stdout] 
[INFO] [stdout] error: aborting due to 3 previous errors; 5 warnings emitted
[INFO] [stdout] 
[INFO] [stdout] 
[INFO] [stdout] Some errors have detailed explanations: E0412, E0425.
[INFO] [stdout] 
[INFO] [stdout] For more information about an error, try `rustc --explain E0412`.
[INFO] [stdout] 
[INFO] [stderr] error: could not compile `chip8`
[INFO] [stderr] 
[INFO] [stderr] To learn more, run the command again with --verbose.
[INFO] running `Command { std: "docker" "inspect" "10574d6dcc05748f5539ff150348e3aa0669258c4f45671acaabfa2494fdf27e", kill_on_drop: false }`
[INFO] running `Command { std: "docker" "rm" "-f" "10574d6dcc05748f5539ff150348e3aa0669258c4f45671acaabfa2494fdf27e", kill_on_drop: false }`
[INFO] [stdout] 10574d6dcc05748f5539ff150348e3aa0669258c4f45671acaabfa2494fdf27e
